-15 + 121 + (-3 - -8)?
135
Evaluate (19 + -12 - (-2 - 6) - 12) + 60.
63
Evaluate -1 + (-1 - 16 - -22 - -39 - (-2 + -5)).
50
Calculate -40 + (91 - 48) + -7.
-4
What is -1726 + 1723 + -59 + -1 + -15?
-78
13 + 9 + (-40 - -16) + 16
14
Calculate -9 + 1 + (-20 - -7) + 23 - 2.
0
(1 - (64 - 1) - 0) + (-259 - -270)
-51
What is the value of -34 + -5 + 8 + 0 - (-3 - -7 - 0)?
-35
What is the value of -79 + 80 + 95 + -14?
82
Evaluate (-276 - -134) + 20 + 61.
-61
Calculate 13 + 35 - (-6 - (-10 + -3 + -11)).
30
53 + (17 - (62 + -65))
73
What is -1 - -93 - (46 + -9)?
55
What is 36 - 16 - 48 - 45?
-73
Evaluate (-12 - (-42 + 20)) + -8 - -9.
11
What is 1 - (-10 + (-99 - -25) - (6 + -3 + -3))?
85
-25 + 51 + (3 - (-27 - -21))
35
What is the value of 31 - (18 + 16) - (-5 + 2 + 1) - 32?
-33
What is the value of 2 + 18 + (26 - (38 - (-1 - -24)))?
31
What is 27 - -61 - ((12 - (8 + -7)) + 1)?
76
13 + (-42 - 21) + (-3 - 4 - -2)
-55
(50 - 57) + (16 - 22 - (-1 + 20))
-32
Evaluate 1496 - 1417 - ((2 + 2 - -5) + 1).
69
What is (70 - 14) + (-66 - -45) - 21?
14
(-104 - -73 - (9 - 7)) + 69
36
(2 - 0) + -13 + 22 - ((-38 - 6) + -3)
58
What is the value of -25 - 37 - ((19 + -9 - 22) + -1)?
-49
Calculate (-51 - -104) + -21 + -53.
-21
Calculate (-1 - 0 - 15) + -15311 + 15307 + 102.
82
What is -7 + (12 + (-10 - -4) - (16 + -89 + -11))?
83
Calculate -8 - 0 - ((-17 - (-20 - 5)) + (-83 - -1)).
66
64 - (15 + -16 + -14)
79
-61 + (2 - (6 - 5)) + -26 + 27
-59
0 - -10 - (7 + 3 + -6 + 67 + -13)
-48
(20 - 113 - -36 - (-1 - -17)) + 1
-72
1 - (26 + (21 - 3) - 0)
-43
Calculate -41 - -26 - (-19 - (-14 - (-15 - -12))).
-7
51 - ((66 - 53 - (0 - 7)) + -5)
36
-55 + (-60 + 96 - -10)
-9
Evaluate -6 - -18 - (35 - 37) - (59 - 8).
-37
What is -13 - ((-33 - -15) + -23) - (0 + -2 - 1)?
31
What is the value of 24 - 14 - (4 + (-8 - -2) + -2) - 13?
1
Calculate 6 - (-10 + 8 - 8 - -10).
6
What is the value of -58 + 74 + (-29 - -2)?
-11
Calculate 16 + (17 - 15 - -3) + (-3 - -2).
20
What is -4 - 29 - (4 - -12 - (-2 - -27))?
-24
Evaluate 75 + 16 + -2 + 106 + -107 - 12.
76
1 - 1 - (17 - 15 - 5 - 54)
57
(2 + 32 - 4) + (521 - 532)
19
What is the value of (2 - -16) + -169 + 134 + -21 + -5?
-43
62 + 8 + -43 + 38
65
Evaluate -28 + -8 + -15 + 79 + -30.
-2
What is the value of (-4 - 6) + 3 + (8 - (20 + (1 - 170)))?
150
What is -6 + (-8 - -27 - (-1 + -1 + 11)) + -11?
-7
(23 - -26) + -44 - -17
22
-34 + -11 + (14 - (6 + 10 - 9))
-38
What is the value of 52 - ((-159 - -123) + (-9 - -71))?
26
What is the value of (-1 - 2 - 16) + (170 + -55 - 69)?
27
Calculate -2 + 89 + (120 - (18 - -105)).
84
Calculate -20 + (88 - 70) + 31.
29
Calculate 48 + (-6 - -4) - (-601 - -624).
23
What is 57 - -2 - (2282 - 2265)?
42
-44 + (-6 + 8 - 6) + (17 - (22 + -7))
-46
What is the value of (-190 - (-200 + 10) - (-1 - 12)) + 49 + 1?
63
Calculate -13 + 38 + -38 + 29 - (-15 - 2).
33
Calculate -3 + 4 - (-23 - (-19 - (5 + -5))).
5
What is the value of (32 - 36 - (-4 + 4) - 4) + 0?
-8
What is -12 - -23 - (-2 + 6 - (-96 + 67))?
-22
Calculate (22 - 0) + 1 - (-84 + -162 - -247).
22
Evaluate -72 - (201 + -383) - (0 - 2).
112
What is the value of -112 - (-303 - -78) - 201?
-88
Evaluate 0 - (33 - 14) - 18.
-37
What is the value of 141 + -151 - (-6 + (9 - -37))?
-50
(8045 - 8033) + (2 - 19)
-5
What is the value of 0 + (64 - 49) + 23?
38
Calculate 11 + (-14 - 5) + (-5 - -5) - (-2 - -33).
-39
What is the value of 38 - (-3 - 1) - (14 - 43)?
71
Calculate -2779 + 2813 + (-142 - -2 - 1).
-107
Evaluate 22 + -29 + 10 - 22 - 58.
-77
65 + -76 + (-4 - (-31 + -14))
30
Calculate 25 - (5 + (-26 + 10 - (-3 - 3)) - -8).
22
Calculate 34 - (-161 + (-31 - -144)).
82
What is the value of -1 + (3 - 1) - (70 - (86 + -4))?
13
Evaluate 22 - (-37 - -24) - 31 - (-33 - (-6 - -3)).
34
(-6 + -3 + 3 - (-40 + 40 + -50)) + 10
54
Evaluate 56 - (-161 - (-211 + 97)).
103
(-3 - 1) + (266 - 258)
4
Evaluate 131 - (158 + -19) - ((-1 - -2 - 3) + -121).
115
What is the value of (8 - (7 - -10)) + 6 - (5 - 46)?
38
Calculate -35 + 152 - 77 - 65.
-25
-3 + -43 - -11 - -37
2
Calculate 11 + 0 + (-66 - (-3 - 6)) + 11.
-35
What is 14277 + -14465 - (-114 - 0)?
-74
What is -38 + 6 + 138 - 11?
95
Calculate (-58 - -21 - 41) + 38.
-40
-19 + -15 + 28 - (0 - 32)
26
Calculate 1 - (-35 - (-5 + -1 - -8) - (-124 + 130)).
44
What is -18 + -1 - (219 + -128 - 95)?
-15
-7 + (-2 - -56) + (-3 - -19 - 27)
36
Evaluate 173 - 296 - (3 + -6 - 34).
-86
Calculate -3 + -17 - (20 + -32).
-8
(-3 - (9 + -9)) + 12 + -24 + 13
-2
-7 + (-16 - (17 + -64 - (-3 - -4)))
25
What is -31 + 116 - (-4 - -24)?
65
Calculate -2 + 4 + -16 - (-35 + 25 - -19).
-23
What is 1944 + -2008 - (-148 + 1)?
83
What is -10 + 95 + -115 + -5 + -3?
-38
What is 45 + 4 + -3 + 15 + 0 + 119 + -134?
46
Evaluate 1 - 9 - (4 - -1 - (91 + 13 - 3)).
88
(-46 - (-78 - -39)) + (-3 - -39)
29
(0 - 23) + (18 - -1 - 9)
-13
What is -65 - (-42 + 19 - 32)?
-10
What is the value of 27 - (2 + -22 + -18 + 27 - -5)?
33
What is 86 + -93 - (39 + -8)?
-38
What is the value of -36 - (-11 + 58 + -49)?
-34
What is -62 - (-59 + -37 - -123)?
-89
Evaluate -46 + 38 + (22 - 39) - -10.
-15
Calculate (906 - 841) + (-178 - 0).
-113
8 + (-8 - 3) - (52 + -70)
15
What is 2640 + -2699 - (2 - 13)?
-48
Calculate -6 + (8 - 13 - -52) + 19.
60
Calculate (-5 - 35) + (-14 - -38 - 6 - 10).
-32
Evaluate 6 + (6 - (6 - 0)) + -73 + 112.
45
Evaluate 81 + 14 + -2 + 4 + -43.
54
-1 + 6 - (11 - (-38 - -47))
3
What is the value of (-66 + 22 - -17) + (12 - 2) + -3 + 3?
-17
Evaluate 17 - 9 - (-7 - 2 - -24) - -2.
-5
-18 + 27 + -9 + -7 + (4 - (-2 + -26))
25
Evaluate (-1 - -11) + 1 + 0 + (-459 - (-636 + 204)).
-16
Calculate (-117 - (-10 - (-14 - 1)) - 22) + -11.
-155
What is the value of (-3 + -2 + -1 - -1) + -4 - (18 - 132)?
105
(-29 - (-280 + 102)) + 2 + (-2 - 21)
128
Evaluate (-2 - -7) + -4 + 18 + (-4 - -16).
31
What is the value of 17 - ((-4 - -2) + (-21 - -49) + -2)?
-7
What is (3 - -16) + 24 - (-138 + 29)?
152
Calculate 4071 - 4059 - (-37 + (2 - 0)).
47
Evaluate (-86 + 71 - 61) + 0 + 6 - -10.
-60
What is the value of (-5 - (-2 + 10)) + (14 + -19 - -34 - 14)?
2
-93 - (-94 + (2 - -50))
-51
Evaluate (183 + -197 - (-30 - 0)) + 1.
17
Calculate 103 + -31 + 27 + -1 + -7.
91
What is the value of 56 + (-7 + 11 + -10 - -3) - (1 - 6)?
58
What is the value of (-78 - -93 - (31 - 12)) + 4?
0
What is the value of 23 - (50 - ((-9 - -15) + -16))?
-37
Evaluate -51 + (6 - 28) - (9 - 29).
-53
What is -1 + 33 + (4 + 37 - -2)?
75
What is the value of -1344 - -1378 - (1 - (-1 - 17))?
15
What is the value of -28 + -39 + 2 + (2 - -8)?
-55
-15 + 33 + (14 - 42) + 3 + 37
30
198 - 204 - (-8 + -14 + 12)
4
Evaluate (-40 - -72) + 71 - 168.
-65
36 + -81 + 64 - 26
-7
What is the value of -81 + 37 + (-29 - 6)?
-79
What is -254 + 218 + (2 - 4 - 0)?
-38
Calculate 85 - ((-7 - (9 - -1 - 5)) + 17).
80
261 + -216 - (-3 - -54)
-6
Calculate -33 + -22 + 90 + -55.
-20
-33 - (-23 + -59 + -7)
56
What is the value of 1112 + -1111 + (5 - (2 + -2)) + 10?
16
What is the value of 17 + -6 - ((-17 - -173) + -40 - -30)?
-135
What is the value of 54 + (9 + 6 + 3 - (15 + -7))?
64
What is -11 + 38 - (-307 - -234)?
100
What is 11 + (1 - 0) + 6 + (89 - 176)?
-69
Evaluate 3 - 5 - 73 - (-125 - -153).
-103
-12 + 14 + (-9 - -1) + -34 + 15 + -5
-30
What is 43 + 49 - -24 - 75?
41
-5115 + 5025 - (-21 - -1)
-70
(-3 - -1) + -24 + (1 - (-12 - -13 - 5))
-21
(-5 - -2) + -26 - (-26 - -45 - 30)
-18
What is the value of (-45 - -39) + -108 - (0 - 11 - (1 - 0))?
-102
What is (23 - 26) + -18 + 50 + -72?
-43
Evaluate -11 + 94 - (158 - 73).
-2
Evaluate (1 + 14 - -1) + (9 - (29 + 0 - 3)).
-1
What is the value of (2 - (0 + 1 + 7)) + (44653 - 44698)?
-51
What is 6 + 34 + -17 + -26 + -8 - (2 - -71)?
-84
What is the value of (0 - 2) + -8 + 31 + -34 - -8 - 11?
-16
What is -11 - (-19 - (-64 + 44)) - -37?
25
Calculate (-6 - 6) + (77 + -44 - 7).
14
Evaluate -40 + (187 - 53) + -42.
52
(93 - 68 - 55) + 34
4
Calculate 101 + ((166 - 92) + -91 - (0 + -11)).
95
Evaluate 65 + 4 + 12 + -3 + -3 + 2.
77
48 + -38 + 26 + -57 + 33
12
What is the value of (-3 - -76 - -3) + -2 + -47 + -86 + 142?
83
Evaluate (3 - -2) + (18 - -11) + -10.
24
What is the value of (-46 - -19 - -14 - (-18 - (6 - 9))) + -108?
-106
-159 + (-144 - -214) + 159
70
What is 2 - 67 - (1755 + -1790)?
-30
What is the value of -16 - (-16 - -19) - (-12 + 9 - -